[INFO] cloning repository https://github.com/tomykaira/light_sensor
[INFO] running `Command { std: "git" "-c" "credential.helper=" "-c" "credential.helper=/workspace/cargo-home/bin/git-credential-null" "clone" "--bare" "https://github.com/tomykaira/light_sensor" "/workspace/cache/git-repos/https%3A%2F%2Fgithub.com%2Ftomykaira%2Flight_sensor", kill_on_drop: false }`
[INFO] [stderr] Cloning into bare repository '/workspace/cache/git-repos/https%3A%2F%2Fgithub.com%2Ftomykaira%2Flight_sensor'...
[INFO] running `Command { std: "git" "rev-parse" "HEAD", kill_on_drop: false }`
[INFO] [stdout] 9bf58a275e38ba47076c0f9327db6460d59ddf6c
[INFO] building tomykaira/light_sensor against master#881c1ac408d93bb7adaa3a51dabab9266e82eee8 for issue-85264
[INFO] running `Command { std: "git" "clone" "/workspace/cache/git-repos/https%3A%2F%2Fgithub.com%2Ftomykaira%2Flight_sensor" "/workspace/builds/worker-3/source", kill_on_drop: false }`
[INFO] [stderr] Cloning into '/workspace/builds/worker-3/source'...
[INFO] [stderr] done.
[INFO] validating manifest of git repo https://github.com/tomykaira/light_sensor on toolchain 881c1ac408d93bb7adaa3a51dabab9266e82eee8
[INFO] running `Command { std: "/workspace/cargo-home/bin/cargo" "+881c1ac408d93bb7adaa3a51dabab9266e82eee8" "metadata" "--manifest-path" "Cargo.toml" "--no-deps", kill_on_drop: false }`
[INFO] removed /workspace/builds/worker-3/source/.cargo/config
[INFO] started tweaking git repo https://github.com/tomykaira/light_sensor
[INFO] finished tweaking git repo https://github.com/tomykaira/light_sensor
[INFO] tweaked toml for git repo https://github.com/tomykaira/light_sensor written to /workspace/builds/worker-3/source/Cargo.toml
[INFO] crate git repo https://github.com/tomykaira/light_sensor already has a lockfile, it will not be regenerated
[INFO] running `Command { std: "/workspace/cargo-home/bin/cargo" "+881c1ac408d93bb7adaa3a51dabab9266e82eee8" "fetch" "--manifest-path" "Cargo.toml", kill_on_drop: false }`
[INFO] [stderr]  Downloading crates ...
[INFO] [stderr]   Downloaded cortex-m-rt-macros v0.1.8
[INFO] [stderr]   Downloaded r0 v0.2.2
[INFO] [stderr]   Downloaded aligned v0.3.4
[INFO] [stderr]   Downloaded bare-metal v0.2.5
[INFO] [stderr]   Downloaded nb v1.0.0
[INFO] [stderr]   Downloaded nb v0.1.3
[INFO] [stderr]   Downloaded vcell v0.1.2
[INFO] [stderr]   Downloaded as-slice v0.1.3
[INFO] [stderr]   Downloaded cortex-m v0.6.3
[INFO] [stderr]   Downloaded panic-halt v0.2.0
[INFO] [stderr]   Downloaded hash32 v0.1.1
[INFO] [stderr]   Downloaded cortex-m-rtic-macros v0.5.2
[INFO] [stderr]   Downloaded heapless v0.5.5
[INFO] [stderr]   Downloaded rtic-syntax v0.4.0
[INFO] [stderr]   Downloaded cortex-m-rtic v0.5.5
[INFO] [stderr]   Downloaded panic-semihosting v0.5.3
[INFO] [stderr]   Downloaded stm32f1 v0.11.0
[INFO] [stderr]   Downloaded cortex-m-semihosting v0.3.5
[INFO] [stderr]   Downloaded rtic-core v0.3.0
[INFO] [stderr]   Downloaded embedded-hal v0.2.4
[INFO] [stderr]   Downloaded stm32f1xx-hal v0.6.1
[INFO] [stderr]   Downloaded cortex-m-rt v0.6.13
[INFO] [stderr]   Downloaded bitfield v0.13.2
[INFO] [stderr]   Downloaded volatile-register v0.2.0
[INFO] running `Command { std: "docker" "create" "-v" "/var/lib/crater-agent-workspace/builds/worker-3/target:/opt/rustwide/target:rw,Z" "-v" "/var/lib/crater-agent-workspace/builds/worker-3/source:/opt/rustwide/workdir:ro,Z" "-v" "/var/lib/crater-agent-workspace/cargo-home:/opt/rustwide/cargo-home:ro,Z" "-v" "/var/lib/crater-agent-workspace/rustup-home:/opt/rustwide/rustup-home:ro,Z" "-e" "SOURCE_DIR=/opt/rustwide/workdir" "-e" "CARGO_TARGET_DIR=/opt/rustwide/target" "-e" "CARGO_HOME=/opt/rustwide/cargo-home" "-e" "RUSTUP_HOME=/opt/rustwide/rustup-home" "-w" "/opt/rustwide/workdir" "-m" "1610612736" "--user" "0:0" "--network" "none" "ghcr.io/rust-lang/crates-build-env/linux@sha256:20528e8c29e4536546f0102ce88568b16ea7538393a33fcca951030f7af10457" "/opt/rustwide/cargo-home/bin/cargo" "+881c1ac408d93bb7adaa3a51dabab9266e82eee8" "metadata" "--no-deps" "--format-version=1", kill_on_drop: false }`
[INFO] [stderr] WARNING: Your kernel does not support swap limit capabilities or the cgroup is not mounted. Memory limited without swap.
[INFO] [stdout] 95a2a5e71fa1a443cdcdb018fd45fa86ac7917ab2eaab63e8a1362fde1d3a2a8
[INFO] running `Command { std: "docker" "start" "-a" "95a2a5e71fa1a443cdcdb018fd45fa86ac7917ab2eaab63e8a1362fde1d3a2a8", kill_on_drop: false }`
[INFO] running `Command { std: "docker" "inspect" "95a2a5e71fa1a443cdcdb018fd45fa86ac7917ab2eaab63e8a1362fde1d3a2a8", kill_on_drop: false }`
[INFO] running `Command { std: "docker" "rm" "-f" "95a2a5e71fa1a443cdcdb018fd45fa86ac7917ab2eaab63e8a1362fde1d3a2a8", kill_on_drop: false }`
[INFO] [stdout] 95a2a5e71fa1a443cdcdb018fd45fa86ac7917ab2eaab63e8a1362fde1d3a2a8
[INFO] running `Command { std: "docker" "create" "-v" "/var/lib/crater-agent-workspace/builds/worker-3/target:/opt/rustwide/target:rw,Z" "-v" "/var/lib/crater-agent-workspace/builds/worker-3/source:/opt/rustwide/workdir:ro,Z" "-v" "/var/lib/crater-agent-workspace/cargo-home:/opt/rustwide/cargo-home:ro,Z" "-v" "/var/lib/crater-agent-workspace/rustup-home:/opt/rustwide/rustup-home:ro,Z" "-e" "SOURCE_DIR=/opt/rustwide/workdir" "-e" "CARGO_TARGET_DIR=/opt/rustwide/target" "-e" "CARGO_INCREMENTAL=0" "-e" "RUST_BACKTRACE=full" "-e" "RUSTFLAGS=--cap-lints=forbid" "-e" "CARGO_HOME=/opt/rustwide/cargo-home" "-e" "RUSTUP_HOME=/opt/rustwide/rustup-home" "-w" "/opt/rustwide/workdir" "-m" "1610612736" "--user" "0:0" "--network" "none" "ghcr.io/rust-lang/crates-build-env/linux@sha256:20528e8c29e4536546f0102ce88568b16ea7538393a33fcca951030f7af10457" "/opt/rustwide/cargo-home/bin/cargo" "+881c1ac408d93bb7adaa3a51dabab9266e82eee8" "build" "--frozen" "--message-format=json", kill_on_drop: false }`
[INFO] [stdout] e0c9a1e3e29b9f95e74bb552343569effa4567bd2d6ce3901632d38240746dd1
[INFO] [stderr] WARNING: Your kernel does not support swap limit capabilities or the cgroup is not mounted. Memory limited without swap.
[INFO] running `Command { std: "docker" "start" "-a" "e0c9a1e3e29b9f95e74bb552343569effa4567bd2d6ce3901632d38240746dd1", kill_on_drop: false }`
[INFO] [stderr]    Compiling semver-parser v0.7.0
[INFO] [stderr]    Compiling typenum v1.12.0
[INFO] [stderr]    Compiling cortex-m v0.6.3
[INFO] [stderr]    Compiling syn v1.0.41
[INFO] [stderr]    Compiling stable_deref_trait v1.2.0
[INFO] [stderr]    Compiling vcell v0.1.2
[INFO] [stderr]    Compiling bitfield v0.13.2
[INFO] [stderr]    Compiling byteorder v1.3.4
[INFO] [stderr]    Compiling r0 v0.2.2
[INFO] [stderr]    Compiling hashbrown v0.9.0
[INFO] [stderr]    Compiling cortex-m-semihosting v0.3.5
[INFO] [stderr]    Compiling heapless v0.5.5
[INFO] [stderr]    Compiling nb v1.0.0
[INFO] [stderr]    Compiling stm32f1 v0.11.0
[INFO] [stderr]    Compiling void v1.0.2
[INFO] [stderr]    Compiling rtic-core v0.3.0
[INFO] [stderr]    Compiling panic-halt v0.2.0
[INFO] [stderr]    Compiling indexmap v1.6.0
[INFO] [stderr]    Compiling cortex-m-rtic v0.5.5
[INFO] [stderr]    Compiling volatile-register v0.2.0
[INFO] [stderr]    Compiling proc-macro2 v1.0.21
[INFO] [stderr]    Compiling nb v0.1.3
[INFO] [stderr]    Compiling semver v0.9.0
[INFO] [stderr]    Compiling embedded-hal v0.2.4
[INFO] [stderr]    Compiling rustc_version v0.2.3
[INFO] [stderr]    Compiling quote v1.0.7
[INFO] [stderr]    Compiling hash32 v0.1.1
[INFO] [stderr]    Compiling bare-metal v0.2.5
[INFO] [stderr]    Compiling cast v0.2.3
[INFO] [stderr]    Compiling generic-array v0.13.2
[INFO] [stderr]    Compiling generic-array v0.12.3
[INFO] [stderr]    Compiling as-slice v0.1.3
[INFO] [stderr]    Compiling aligned v0.3.4
[INFO] [stderr]    Compiling panic-semihosting v0.5.3
[INFO] [stderr]    Compiling rtic-syntax v0.4.0
[INFO] [stderr]    Compiling cortex-m-rt-macros v0.1.8
[INFO] [stderr]    Compiling cortex-m-rtic-macros v0.5.2
[INFO] [stderr]    Compiling cortex-m-rt v0.6.13
[INFO] [stderr]    Compiling stm32f1xx-hal v0.6.1
[INFO] [stderr]    Compiling light_sensor v0.1.0 (/opt/rustwide/workdir)
[INFO] [stdout] error[E0432]: unresolved import `rtic::cyccnt`
[INFO] [stdout]  --> src/main.rs:8:11
[INFO] [stdout]   |
[INFO] [stdout] 8 | use rtic::cyccnt::U32Ext as _;
[INFO] [stdout]   |           ^^^^^^ could not find `cyccnt` in `rtic`
[INFO] [stdout] 
[INFO] [stdout] 
[INFO] [stdout] error[E0433]: failed to resolve: could not find `cyccnt` in `rtic`
[INFO] [stdout]   --> src/main.rs:35:74
[INFO] [stdout]    |
[INFO] [stdout] 35 | #[app(device = stm32f1xx_hal::pac, peripherals = true, monotonic = rtic::cyccnt::CYCCNT)]
[INFO] [stdout]    |                                                                          ^^^^^^ could not find `cyccnt` in `rtic`
[INFO] [stdout] 
[INFO] [stdout] 
[INFO] [stdout] error: duplicate lang item in crate `panic_semihosting`: `panic_impl`.
[INFO] [stdout]   |
[INFO] [stdout]   = note: the lang item is first defined in crate `panic_halt` (which `light_sensor` depends on)
[INFO] [stdout]   = note: first definition in `panic_halt` loaded from /opt/rustwide/target/debug/deps/libpanic_halt-4c00ee4d37a949ae.rlib
[INFO] [stdout]   = note: second definition in `panic_semihosting` loaded from /opt/rustwide/target/debug/deps/libpanic_semihosting-ccd5872c88002676.rlib
[INFO] [stdout] 
[INFO] [stdout] 
[INFO] [stdout] error: language item required, but not found: `eh_personality`
[INFO] [stdout] 
[INFO] [stdout] 
[INFO] [stdout] error[E0599]: no method named `cycles` found for type `u32` in the current scope
[INFO] [stdout]    --> src/main.rs:120:65
[INFO] [stdout]     |
[INFO] [stdout] 120 |                     .turn_servo_off(cx.start + SERVO_OFF_PERIOD.cycles());
[INFO] [stdout]     |                                                                 ^^^^^^ method not found in `u32`
[INFO] [stdout] 
[INFO] [stdout] 
[INFO] [stdout] error[E0599]: no method named `cycles` found for type `u32` in the current scope
[INFO] [stdout]    --> src/main.rs:123:57
[INFO] [stdout]     |
[INFO] [stdout] 123 |                     .tick_second(cx.start + CLOCK_SPEED.cycles())
[INFO] [stdout]     |                                                         ^^^^^^ method not found in `u32`
[INFO] [stdout] 
[INFO] [stdout] 
[INFO] [stdout] error[E0599]: no method named `cycles` found for type `u32` in the current scope
[INFO] [stdout]    --> src/main.rs:138:57
[INFO] [stdout]     |
[INFO] [stdout] 138 |                 .tick_second(cx.scheduled + CLOCK_SPEED.cycles())
[INFO] [stdout]     |                                                         ^^^^^^ method not found in `u32`
[INFO] [stdout] 
[INFO] [stdout] 
[INFO] [stdout] error[E0599]: no method named `cycles` found for type `u32` in the current scope
[INFO] [stdout]    --> src/main.rs:151:61
[INFO] [stdout]     |
[INFO] [stdout] 151 |             .turn_servo_off(cx.scheduled + SERVO_OFF_PERIOD.cycles());
[INFO] [stdout]     |                                                             ^^^^^^ method not found in `u32`
[INFO] [stdout] 
[INFO] [stdout] 
[INFO] [stdout] error[E0282]: type annotations needed
[INFO] [stdout]   --> src/main.rs:35:1
[INFO] [stdout]    |
[INFO] [stdout] 35 | #[app(device = stm32f1xx_hal::pac, peripherals = true, monotonic = rtic::cyccnt::CYCCNT)]
[INFO] [stdout]    | ^^^^^^^^^^^^^^^^^^^^^^^^^^^^^^^^^^^^^^^^^^^^^^^^^^^^^^^^^^^^^^^^^^^^^^^^^^^^^^^^^^^^^^^^^
[INFO] [stdout]    |
[INFO] [stdout]    = note: type must be known at this point
[INFO] [stdout]    = note: this error originates in an attribute macro (in Nightly builds, run with -Z macro-backtrace for more info)
[INFO] [stdout] 
[INFO] [stdout] 
[INFO] [stdout] error: aborting due to 9 previous errors
[INFO] [stdout] 
[INFO] [stdout] 
[INFO] [stdout] Some errors have detailed explanations: E0282, E0432, E0433, E0599.
[INFO] [stdout] 
[INFO] [stdout] For more information about an error, try `rustc --explain E0282`.
[INFO] [stdout] 
[INFO] [stderr] error: could not compile `light_sensor`
[INFO] [stderr] 
[INFO] [stderr] To learn more, run the command again with --verbose.
[INFO] running `Command { std: "docker" "inspect" "e0c9a1e3e29b9f95e74bb552343569effa4567bd2d6ce3901632d38240746dd1", kill_on_drop: false }`
[INFO] running `Command { std: "docker" "rm" "-f" "e0c9a1e3e29b9f95e74bb552343569effa4567bd2d6ce3901632d38240746dd1", kill_on_drop: false }`
[INFO] [stdout] e0c9a1e3e29b9f95e74bb552343569effa4567bd2d6ce3901632d38240746dd1
